{"id":5831,"date":"2025-04-10T08:51:43","date_gmt":"2025-04-10T07:51:43","guid":{"rendered":"https:\/\/optimvent.com\/?page_id=5831"},"modified":"2025-04-23T11:06:46","modified_gmt":"2025-04-23T10:06:46","slug":"privacidad","status":"publish","type":"page","link":"https:\/\/optimvent.com\/es\/privacidad\/","title":{"rendered":"Politica de privacidad"},"content":{"rendered":"\n<p><\/p>\n\n\n\n<h1 class=\"wp-block-heading\">Pol\u00edtica de privacidad<\/h1>\n\n\n\n<h2 class=\"wp-block-heading\" style=\"text-transform:capitalize\">RESPONSABLE DEL TRATAMIENTO<\/h2>\n\n\n\n<p>En cumplimiento del Reglamento (UE) 2016\/679 del Parlamento Europeo y del Consejo, de 27 de abril de 2016, relativo a la protecci\u00f3n de las personas f\u00edsicas en lo que respecta al tratamiento de datos personales y a la libre circulaci\u00f3n de estos datos (RGPD), y la Ley Org\u00e1nica 3\/2018, de 5 de diciembre, de Protecci\u00f3n de Datos Personales y garant\u00eda de los derechos digitales (LOPDGDD), le informamos que:<\/p>\n\n\n\n<p>El responsable del tratamiento de sus datos es:<\/p>\n\n\n\n<ul class=\"wp-block-list\">\n<li>Denominaci\u00f3n social: IVS OPTIMVENT SRL<\/li>\n\n\n\n<li>NIF: 37624666<\/li>\n\n\n\n<li>Domicilio social: Str. Vasile Lucaciu 337\/C\/3 Arad, Ruman\u00eda<\/li>\n\n\n\n<li>Tel\u00e9fono: +40 773 637 662<\/li>\n\n\n\n<li>Correo electr\u00f3nico: office@optimvent.ro<\/li>\n<\/ul>\n\n\n\n<h2 class=\"wp-block-heading\">FINALIDAD DEL TRATAMIENTO<\/h2>\n\n\n\n<p>En IVS OPTIMVENT SRL tratamos la informaci\u00f3n que nos facilitan las personas interesadas con los siguientes fines:<\/p>\n\n\n\n<ol class=\"wp-block-list\">\n<li>Gestionar solicitudes de informaci\u00f3n sobre nuestros ventiladores industriales y servicios relacionados.<\/li>\n\n\n\n<li>Atender consultas t\u00e9cnicas sobre nuestros productos.<\/li>\n\n\n\n<li>Gestionar la relaci\u00f3n comercial con clientes y proveedores.<\/li>\n\n\n\n<li>Enviar comunicaciones comerciales sobre nuestros productos y servicios, siempre que el interesado haya consentido este tratamiento.<\/li>\n<\/ol>\n\n\n\n<p>Los datos personales proporcionados se conservar\u00e1n mientras se mantenga la relaci\u00f3n comercial o durante los a\u00f1os necesarios para cumplir con las obligaciones legales.<\/p>\n\n\n\n<h2 class=\"wp-block-heading\">LEGITIMACI\u00d3N<\/h2>\n\n\n\n<p>La base legal para el tratamiento de sus datos es:<\/p>\n\n\n\n<ul class=\"wp-block-list\">\n<li>La ejecuci\u00f3n de un contrato en el caso de compra de nuestros productos o contrataci\u00f3n de nuestros servicios.<\/li>\n\n\n\n<li>El consentimiento del interesado para el env\u00edo de comunicaciones comerciales.<\/li>\n\n\n\n<li>El inter\u00e9s leg\u00edtimo del responsable para atender solicitudes de informaci\u00f3n y consultas t\u00e9cnicas.<\/li>\n\n\n\n<li>El cumplimiento de obligaciones legales aplicables a IVS OPTIMVENT SRL.<\/li>\n<\/ul>\n\n\n\n<h2 class=\"wp-block-heading\">DESTINATARIOS<\/h2>\n\n\n\n<p>Los datos no se ceder\u00e1n a terceros salvo en los casos en que exista una obligaci\u00f3n legal o sea necesario para la ejecuci\u00f3n de la relaci\u00f3n contractual.<\/p>\n\n\n\n<p>IVS OPTIMVENT SRL puede contar con la colaboraci\u00f3n de terceros proveedores de servicios que pueden tener acceso a sus datos personales y que tratan los referidos datos en nombre y por cuenta de IVS OPTIMVENT SRL como consecuencia de su prestaci\u00f3n de servicios.<\/p>\n\n\n\n<h2 class=\"wp-block-heading\">DERECHOS<\/h2>\n\n\n\n<p>Cualquier persona tiene derecho a obtener confirmaci\u00f3n sobre si en IVS OPTIMVENT SRL estamos tratando datos personales que les conciernan, o no.<\/p>\n\n\n\n<p>Las personas interesadas tienen derecho a:<\/p>\n\n\n\n<ul class=\"wp-block-list\">\n<li>Solicitar el acceso a los datos personales relativos al interesado<\/li>\n\n\n\n<li>Solicitar su rectificaci\u00f3n o supresi\u00f3n<\/li>\n\n\n\n<li>Solicitar la limitaci\u00f3n de su tratamiento<\/li>\n\n\n\n<li>Oponerse al tratamiento<\/li>\n\n\n\n<li>Solicitar la portabilidad de los datos<\/li>\n\n\n\n<li>Retirar el consentimiento en cualquier momento<\/li>\n<\/ul>\n\n\n\n<p>Estos derechos pueden ejercerse enviando un correo electr\u00f3nico a office@optimvent.ro o por correo postal a Str. Vasile Lucaciu 337\/C\/3 Arad, Ruman\u00eda, adjuntando copia de su DNI o documento identificativo equivalente.<\/p>\n\n\n\n<p>Tambi\u00e9n tiene derecho a presentar una reclamaci\u00f3n ante la Agencia Espa\u00f1ola de Protecci\u00f3n de Datos (<a target=\"_blank\" rel=\"noreferrer noopener\" href=\"http:\/\/www.aepd.es\">www.aepd.es<\/a>) si considera que el tratamiento no se ajusta a la normativa vigente.<\/p>\n\n\n\n<h2 class=\"wp-block-heading\">PROCEDENCIA DE LOS DATOS<\/h2>\n\n\n\n<p>Los datos personales que tratamos en IVS OPTIMVENT SRL proceden directamente del interesado a trav\u00e9s de:<\/p>\n\n\n\n<ul class=\"wp-block-list\">\n<li>Formularios de contacto del sitio web<\/li>\n\n\n\n<li>Correos electr\u00f3nicos<\/li>\n\n\n\n<li>Llamadas telef\u00f3nicas<\/li>\n\n\n\n<li>Tarjetas de visita<\/li>\n\n\n\n<li>Contratos<\/li>\n<\/ul>\n\n\n\n<p>Las categor\u00edas de datos que tratamos son:<\/p>\n\n\n\n<ul class=\"wp-block-list\">\n<li>Datos identificativos (nombre, apellidos, DNI, direcci\u00f3n, email, tel\u00e9fono)<\/li>\n\n\n\n<li>Datos profesionales (empresa, cargo)<\/li>\n\n\n\n<li>Datos de transacciones comerciales<\/li>\n<\/ul>\n\n\n\n<h2 class=\"wp-block-heading\">MEDIDAS DE SEGURIDAD<\/h2>\n\n\n\n<p>IVS OPTIMVENT SRL ha adoptado las medidas t\u00e9cnicas y organizativas necesarias para garantizar la seguridad de los datos de car\u00e1cter personal y evitar su alteraci\u00f3n, p\u00e9rdida, tratamiento o acceso no autorizado, habida cuenta del estado de la tecnolog\u00eda, la naturaleza de los datos almacenados y los riesgos a que est\u00e1n expuestos.<\/p>\n\n\n\n<h2 class=\"wp-block-heading\">COOKIES<\/h2>\n\n\n\n<p>Este sitio web utiliza cookies t\u00e9cnicas, de personalizaci\u00f3n y an\u00e1lisis, propias y de terceros, para facilitar la navegaci\u00f3n y analizar estad\u00edsticas del uso de la web. Para m\u00e1s informaci\u00f3n, consulte nuestra <a href=\"https:\/\/optimvent.com\/es\/politica-de-cookies\/\" data-type=\"page\" data-id=\"4707\">Pol\u00edtica de Cookies<\/a>.<\/p>\n\n\n\n<h2 class=\"wp-block-heading\">ACTUALIZACI\u00d3N DE LA POL\u00cdTICA DE PRIVACIDAD<\/h2>\n\n\n\n<p>Es posible que se deba actualizar esta Pol\u00edtica de Privacidad; por ello es necesario que revise esta pol\u00edtica peri\u00f3dicamente y si es posible cada vez que acceda a nuestro sitio web con el objetivo de estar adecuadamente informado sobre el tipo de informaci\u00f3n recopilada y su tratamiento. Puede encontrar la Pol\u00edtica de Privacidad al pie del sitio web.<\/p>\n\n\n\n<p>La presente Pol\u00edtica de Privacidad ha sido actualizada por \u00faltima vez el 10.04.2025.<\/p>\n\n\n\n<p><\/p>\n\n\n\n<div class=\"wp-block-group bottom-border is-nowrap is-layout-flex wp-container-core-group-is-layout-1 wp-block-group-is-layout-flex\"><\/div>\n\n\n\n<p><\/p>\n","protected":false},"excerpt":{"rendered":"<p>Pol\u00edtica de privacidad RESPONSABLE DEL TRATAMIENTO En cumplimiento del Reglamento (UE) 2016\/679 del Parlamento Europeo y del Consejo, de 27 de abril de 2016, relativo a la protecci\u00f3n de las personas f\u00edsicas en lo que respecta al tratamiento de datos personales y a la libre circulaci\u00f3n de estos datos (RGPD), y la Ley Org\u00e1nica 3\/2018, [&hellip;]<\/p>\n","protected":false},"author":5,"featured_media":0,"parent":0,"menu_order":0,"comment_status":"closed","ping_status":"closed","template":"page-no-title","meta":{"_seopress_robots_primary_cat":"","_seopress_titles_title":"","_seopress_titles_desc":"","_seopress_robots_index":"","footnotes":""},"class_list":["post-5831","page","type-page","status-publish","hentry"],"_links":{"self":[{"href":"https:\/\/optimvent.com\/es\/wp-json\/wp\/v2\/pages\/5831","targetHints":{"allow":["GET"]}}],"collection":[{"href":"https:\/\/optimvent.com\/es\/wp-json\/wp\/v2\/pages"}],"about":[{"href":"https:\/\/optimvent.com\/es\/wp-json\/wp\/v2\/types\/page"}],"author":[{"embeddable":true,"href":"https:\/\/optimvent.com\/es\/wp-json\/wp\/v2\/users\/5"}],"replies":[{"embeddable":true,"href":"https:\/\/optimvent.com\/es\/wp-json\/wp\/v2\/comments?post=5831"}],"version-history":[{"count":13,"href":"https:\/\/optimvent.com\/es\/wp-json\/wp\/v2\/pages\/5831\/revisions"}],"predecessor-version":[{"id":6141,"href":"https:\/\/optimvent.com\/es\/wp-json\/wp\/v2\/pages\/5831\/revisions\/6141"}],"wp:attachment":[{"href":"https:\/\/optimvent.com\/es\/wp-json\/wp\/v2\/media?parent=5831"}],"curies":[{"name":"wp","href":"https:\/\/api.w.org\/{rel}","templated":true}]}}

<p></p>



<h1 class="wp-block-heading">Política de privacidad</h1>



<h2 class="wp-block-heading" style="text-transform:capitalize">RESPONSABLE DEL TRATAMIENTO</h2>



<p>En cumplimiento del Reglamento (UE) 2016/679 del Parlamento Europeo y del Consejo, de 27 de abril de 2016, relativo a la protección de las personas físicas en lo que respecta al tratamiento de datos personales y a la libre circulación de estos datos (RGPD), y la Ley Orgánica 3/2018, de 5 de diciembre, de Protección de Datos Personales y garantía de los derechos digitales (LOPDGDD), le informamos que:</p>



<p>El responsable del tratamiento de sus datos es:</p>



<ul class="wp-block-list">
<li>Denominación social: IVS OPTIMVENT SRL</li>



<li>NIF: 37624666</li>



<li>Domicilio social: Str. Vasile Lucaciu 337/C/3 Arad, Rumanía</li>



<li>Teléfono: +40 773 637 662</li>



<li>Correo electrónico: office@optimvent.ro</li>
</ul>



<h2 class="wp-block-heading">FINALIDAD DEL TRATAMIENTO</h2>



<p>En IVS OPTIMVENT SRL tratamos la información que nos facilitan las personas interesadas con los siguientes fines:</p>



<ol class="wp-block-list">
<li>Gestionar solicitudes de información sobre nuestros ventiladores industriales y servicios relacionados.</li>



<li>Atender consultas técnicas sobre nuestros productos.</li>



<li>Gestionar la relación comercial con clientes y proveedores.</li>



<li>Enviar comunicaciones comerciales sobre nuestros productos y servicios, siempre que el interesado haya consentido este tratamiento.</li>
</ol>



<p>Los datos personales proporcionados se conservarán mientras se mantenga la relación comercial o durante los años necesarios para cumplir con las obligaciones legales.</p>



<h2 class="wp-block-heading">LEGITIMACIÓN</h2>



<p>La base legal para el tratamiento de sus datos es:</p>



<ul class="wp-block-list">
<li>La ejecución de un contrato en el caso de compra de nuestros productos o contratación de nuestros servicios.</li>



<li>El consentimiento del interesado para el envío de comunicaciones comerciales.</li>



<li>El interés legítimo del responsable para atender solicitudes de información y consultas técnicas.</li>



<li>El cumplimiento de obligaciones legales aplicables a IVS OPTIMVENT SRL.</li>
</ul>



<h2 class="wp-block-heading">DESTINATARIOS</h2>



<p>Los datos no se cederán a terceros salvo en los casos en que exista una obligación legal o sea necesario para la ejecución de la relación contractual.</p>



<p>IVS OPTIMVENT SRL puede contar con la colaboración de terceros proveedores de servicios que pueden tener acceso a sus datos personales y que tratan los referidos datos en nombre y por cuenta de IVS OPTIMVENT SRL como consecuencia de su prestación de servicios.</p>



<h2 class="wp-block-heading">DERECHOS</h2>



<p>Cualquier persona tiene derecho a obtener confirmación sobre si en IVS OPTIMVENT SRL estamos tratando datos personales que les conciernan, o no.</p>



<p>Las personas interesadas tienen derecho a:</p>



<ul class="wp-block-list">
<li>Solicitar el acceso a los datos personales relativos al interesado</li>



<li>Solicitar su rectificación o supresión</li>



<li>Solicitar la limitación de su tratamiento</li>



<li>Oponerse al tratamiento</li>



<li>Solicitar la portabilidad de los datos</li>



<li>Retirar el consentimiento en cualquier momento</li>
</ul>



<p>Estos derechos pueden ejercerse enviando un correo electrónico a office@optimvent.ro o por correo postal a Str. Vasile Lucaciu 337/C/3 Arad, Rumanía, adjuntando copia de su DNI o documento identificativo equivalente.</p>



<p>También tiene derecho a presentar una reclamación ante la Agencia Española de Protección de Datos (<a target="_blank" rel="noreferrer noopener" href="http://www.aepd.es">www.aepd.es</a>) si considera que el tratamiento no se ajusta a la normativa vigente.</p>



<h2 class="wp-block-heading">PROCEDENCIA DE LOS DATOS</h2>



<p>Los datos personales que tratamos en IVS OPTIMVENT SRL proceden directamente del interesado a través de:</p>



<ul class="wp-block-list">
<li>Formularios de contacto del sitio web</li>



<li>Correos electrónicos</li>



<li>Llamadas telefónicas</li>



<li>Tarjetas de visita</li>



<li>Contratos</li>
</ul>



<p>Las categorías de datos que tratamos son:</p>



<ul class="wp-block-list">
<li>Datos identificativos (nombre, apellidos, DNI, dirección, email, teléfono)</li>



<li>Datos profesionales (empresa, cargo)</li>



<li>Datos de transacciones comerciales</li>
</ul>



<h2 class="wp-block-heading">MEDIDAS DE SEGURIDAD</h2>



<p>IVS OPTIMVENT SRL ha adoptado las medidas técnicas y organizativas necesarias para garantizar la seguridad de los datos de carácter personal y evitar su alteración, pérdida, tratamiento o acceso no autorizado, habida cuenta del estado de la tecnología, la naturaleza de los datos almacenados y los riesgos a que están expuestos.</p>



<h2 class="wp-block-heading">COOKIES</h2>



<p>Este sitio web utiliza cookies técnicas, de personalización y análisis, propias y de terceros, para facilitar la navegación y analizar estadísticas del uso de la web. Para más información, consulte nuestra <a href="https://optimvent.com/es/politica-de-cookies/" data-type="page" data-id="4707">Política de Cookies</a>.</p>



<h2 class="wp-block-heading">ACTUALIZACIÓN DE LA POLÍTICA DE PRIVACIDAD</h2>



<p>Es posible que se deba actualizar esta Política de Privacidad; por ello es necesario que revise esta política periódicamente y si es posible cada vez que acceda a nuestro sitio web con el objetivo de estar adecuadamente informado sobre el tipo de información recopilada y su tratamiento. Puede encontrar la Política de Privacidad al pie del sitio web.</p>



<p>La presente Política de Privacidad ha sido actualizada por última vez el 10.04.2025.</p>



<p></p>



<div class="wp-block-group bottom-border is-nowrap is-layout-flex wp-container-core-group-is-layout-1 wp-block-group-is-layout-flex"></div>



<p></p>

<p>Política de privacidad RESPONSABLE DEL TRATAMIENTO En cumplimiento del Reglamento (UE) 2016/679 del Parlamento Europeo y del Consejo, de 27 de abril de 2016, relativo a la protección de las personas físicas en lo que respecta al tratamiento de datos personales y a la libre circulación de estos datos (RGPD), y la Ley Orgánica 3/2018, [&hellip;]</p>
